 -5*x. Suppose -f + 328 = 5*u, x = -u + 3*u - f. Suppose -5*g + 8 + u = 4*d, 51 = 4*g - 5*d. What is the tens digit of g?
1
Suppose 3*y + p - 8 = 0, -4*p = -5*y - 1 + 37. Suppose y*z - 7*z + 3 = 0. What is the units digit of z?
1
Suppose 16 = -a + 29. What is the units digit of a?
3
Let j be 10*-3*2/(-12). Suppose z + 1 = j. What is the units digit of z?
4
Let m be 6/10 - 2/(-5). Let k(o) = 2*o. Let u be k(m). Suppose u*n = 4, 2*g + 0*n - 14 = -2*n. What is the units digit of g?
5
Suppose 0 = -t + 6*t - 40. Suppose 0*i = -2*i + t. What is the units digit of i?
4
Let o(v) = -2*v - 9. Let g be o(-6). Suppose -3*d - 23 = -5*c + 16, 3*d - 9 = -g*c. What is the units digit of (48/(-20))/(c/(-20))?
8
Let h be (-2)/3 - (-2)/(-6). What is the units digit of (13 + 0)*(h - -2)?
3
Suppose -y = 2*y - 18. Let n be (3/y)/(3/(-18)). Let p(v) = -v**3 - v**2 + 2*v - 3. What is the units digit of p(n)?
9
Suppose 73 = 2*x - 3*w, 4 = -6*w + 2*w. Suppose -1 - 4 = 5*n, 0 = 4*u - 5*n + x. Let g = u + 24. What is the tens digit of g?
1
Let j(b) = 3*b**2 - 18*b + 16. What is the units digit of j(9)?
7
Let a = -102 - -196. What is the tens digit of a?
9
Let d be (-28)/(-2) + 2 - -2. Suppose -d = -w - 3. What is the tens digit of w?
1
Suppose y + 4*y + 5*h = 20, 0 = 4*y + 5*h - 15. Suppose y*w - 144 = 2*w. What is the units digit of w?
8
Let u(t) = 14*t**2 + 1. Let f be u(-1). Suppose -f = -h + 23. What is the tens digit of h?
3
What is the tens digit of 126/49*(26 - -2)?
7
What is the tens digit of 68/(-10)*(10/5 + -7)?
3
Suppose -2*n - 2*y - 1 - 3 = 0, 3*n = 3*y - 18. Let t(p) = -p - 7. Let w(h) = h - 1. Let v(m) = t(m) - 2*w(m). What is the units digit of v(n)?
7
Let j(m) = m. Let x = 2 - 0. Let u be j(x). What is the units digit of ((-3)/u)/((-18)/120)?
0
Let c = -4 - 3. What is the units digit of (-10 - c)/(3/(-31))?
1
Suppose 0 = f + 16 - 5. Let t = f - -24. What is the units digit of t?
3
Let s = 50 - 29. What is the tens digit of s?
2
Suppose 9 = -2*r + 3*r. Let i = 14 - r. What is the units digit of i?
5
Let k(d) = d**2 - 5*d + 47. What is the tens digit of k(9)?
8
Suppose -11*v = -22*v + 143. What is the tens digit of v?
1
Let w(t) = -t. Let p be w(0). Let s = p + 25. What is the tens digit of s?
2
Let r be 2/9 - (-904)/(-18). Let h = -96 - r. What is the units digit of h/(-8) + 1/4?
6
Let k = -11 + 16. What is the units digit of k?
5
What is the units digit of ((-1)/(1/(-2)))/2?
1
Let r(h) = -h**3 + 3*h**2 + 4. Let y be r(4). Let a(w) = -w**2 + 2*w - 6. Let p be a(5). Let c = y - p. What is the units digit of c?
9
What is the units digit of 2 - 6 - (-237)/3?
5
Let m = -36 - -71. What is the units digit of m?
5
Suppose -4*l = -2*j - 14, 4*l - j = 4*j + 17. What is the tens digit of (-8)/2 + l - -17?
1
Suppose -21 = 2*x - 5*x. Suppose x + 9 = 4*r. Suppose 4*o + 2 - 17 = -m, -r*o = -5*m + 99. What is the units digit of m?
9
Let o(z) = -6*z**3 - z**2 - z - 1. Let i be o(-1). Suppose 2*w - i = 3. What is the units digit of w?
4
Suppose 7*o - 3*o - 16 = 0. Suppose -2*f + o = -16. What is the units digit of f?
0
Let u = -39 + 58. What is the tens digit of u?
1
Let w(q) = q**2 - 6*q + 1. Let g be w(3). Let z = g - -20. What is the tens digit of z?
1
Suppose -3*d + 4*n = -0*d - 166, -34 = -d - 4*n. What is the tens digit of d?
5
Suppose -9*y = -3*y - 390. What is the tens digit of y?
6
What is the units digit of 3*4*20/15?
6
Suppose 0 = 3*x + 3*l - 24, -23 = -x + l - 5*l. Let k be (-6)/(-4)*(-4)/x. Let z = 8 + k. What is the units digit of z?
6
Let p be 2*-10*1/(-2). Suppose 5*a = 3*a + p. What is the units digit of a?
5
What is the tens digit of 22/(-6)*(-13 - -4)?
3
Let j = 134 - -234. What is the units digit of j?
8
Suppose o - 5*w = 11, -2*o - 2*w + 28 = 3*o. Let t be o*(-2)/(-3) - 0. Let n = 5 - t. What is the units digit of n?
1
Suppose -5*n - 77 = -f - 0*n, -f + 87 = 5*n. What is the tens digit of f?
8
Let w(r) = -r**2 - 5*r - 6. Let g be w(-5). Let b be (8/g - -1)*-9. Suppose -c = -4 - b. What is the units digit of c?
7
Let n(v) = -v + 3. What is the units digit of n(-2)?
5
Suppose 0*d + 1545 = 5*d. What is the tens digit of d?
0
Let n(j) = -j - 7. Suppose 65 = -5*x - w, 0 = -4*x - w + 19 - 70. What is the units digit of n(x)?
7
Let b = -14 + 16. Suppose b*i - 140 = -3*i. What is the tens digit of i?
2
Let j be 4/14 - (-342)/(-21). What is the units digit of ((-94)/8)/(4/j)?
7
Suppose 3*a - 4 = -g - 3, -2*g = 5*a - 2. Let w(q) = -2*q**2 - 3*q. Let r(y) = y**2 + y. Let f(z) = 8*r(z) + 3*w(z). What is the units digit of f(g)?
1
Let g(p) = p**2 + 2*p + 4. Let j be 2/5 + (-110)/25. What is the tens digit of g(j)?
1
Suppose 0 = 3*c + 19 - 361. What is the tens digit of c?
1
Suppose 3*k - 42 - 6 = 2*x, 3*k - 3*x - 48 = 0. What is the units digit of k?
6
Suppose -3*w + 55 - 9 = o, -2*o - 3*w = -92. What is the tens digit of o?
4
Let x = 21 + -13. Let s = -1 + x. Suppose -3*y + s*y = 32. What is the units digit of y?
8
Suppose 0 = -5*k + 6*k. What is the units digit of 49 - (k + -3) - 2?
0
Let x = 3 - -2. Suppose 4 = x*p - 16. Suppose p*q - 6 = -2. What is the units digit of q?
1
Let f = -8 - -11. Suppose 0 = -r - 0*m + 2*m + 19, -2*r + f*m = -37. What is the tens digit of r?
1
Let r(v) = 2*v + 26. What is the units digit of r(-6)?
4
Suppose 53 = 3*c + x, -2*c + 35 = 2*x - x. What is the units digit of c?
8
Suppose 2*o = 3*o - 29. Suppose -p = -5*z + 3*z - o, -p + 41 = -5*z. What is the units digit of p?
1
Suppose 16 - 4 = 3*h. Suppose -3*j + j + h = 0. Suppose -4*d - 12 = 6*u - j*u, -u = 5. What is the units digit of d?
2
Suppose -4*o = -5*d + 24, -3*d + 3*o = 2*d - 23. Suppose 4*y + 4*f = 12, -d*y - y + 5*f = -25. What is the units digit of y?
4
Let k = -52 - -113. What is the tens digit of k?
6
Let b = 77 + -24. Let z = b + -27. What is the units digit of z?
6
Suppose 0 = q - 5, 3*m - 168 - 128 = 5*q. What is the tens digit of m?
0
Let u = 28 - 40. Let h = -6 - u. What is the units digit of (-7)/(-3) - h/(-9)?
3
Let c(i) = 2*i**2 - 7*i + 2. What is the tens digit of c(7)?
5
Let q be 1 - -1 - (-1 + -2). Suppose -5*m = 2*n - n - 55, 0 = -2*m - q*n + 45. What is the units digit of m?
0
Let n(t) = -t**3 - 6*t**2 + t + 7. Let g be n(-6). Suppose g = -r + 4. What is the units digit of r?
3
Let v(k) = -k**3 - 7*k**2 + 7*k - 1. Suppose -2*b + 8 = -f - 4*b, 2*b = 0. What is the units digit of v(f)?
7
Let v = 6 - -2. Let y = v - 7. What is the units digit of y?
1
Let s(y) = -y + 12. Let b be s(8). Suppose -3*m - 2*m = b*z - 27, m + 41 = 5*z. What is the units digit of z?
8
Suppose 0 = 3*i + 11 - 2. Let q = i + 10. Suppose -q = -2*s - 3. What is the units digit of s?
2
Let i(s) = -19*s + 1. Let h be i(-1). Suppose -3*u - 2*u + h = 0. What is the units digit of u?
4
Let o = -22 + 27. Suppose b - o*y = -2*y, -3*b + y + 8 = 0. What is the units digit of b?
3
Suppose 4*p + 139 = 3*x - 6, 0 = 2*p + 2. What is the tens digit of x?
4
Let h(r) = r**2 + 5*r - 18. What is the units digit of h(-11)?
8
Suppose b = 5 - 1. Suppose 11 + 17 = b*z. What is the units digit of z?
7
Suppose 11*b = 6*b + 125. Let a be 11/5 - 5/b. Suppose a*m - 4*m = -12. What is the units digit of m?
6
Let h(y) = 8*y + 7. Let i(x) = 17*x + 14. Let j(k) = 5*h(k) - 3*i(k). What is the tens digit of j(-4)?
3
Let z be 2 + 1/(-3)*0. Suppose 4*y - 14 = -z. What is the units digit of y?
3
Suppose 1408 = 22*m - 14*m. What is the hundreds digit of m?
1
Let r = 162 - 94. What is the tens digit of r?
6
Let n = -1 - 1. Let w = n - -15. What is the units digit of w?
3
What is the tens digit of ((-60)/50)/(1/(-60))?
7
Let t be (-35)/(-20)*4/(-1). What is the units digit of t/14*(-15 + 1)?
7
Let f = 18 - 13. Suppose f*j + 3*h - 19 = 0, 5*j + 2*h - 20 = -4. What is the units digit of j?
2
Let w = -15 - -10. What is the tens digit of (-82)/(-2) + (w - -6)?
4
Let f(i) = -i**3 - 3*i**2 + i + 1. Suppose 5 = -q + 1. What is the tens digit of f(q)?
1
Let m be ((-6)/(-8))/((-5)/(-20)). Suppose m*y - 8 = -y. Suppose -c = 5*q - 23, 5*c + y*q = 4*q + 7. What is the units digit of c?
3
Let u = 3 + -5. Let i = 7 - u. What is the units digit of i?
9
What is the units digit of 3/(-3)*-5 - 2?
3
Let b(d) = d + 9. Let t be b(-7). Suppose 0 = t*i - 5*i + 9. Suppose -i*z + 4*v = -29, -4*z - z + 5*v = -45. What is the units digit of z?
7
Let o